{"id":36,"date":"2015-01-28T18:27:33","date_gmt":"2015-01-28T18:27:33","guid":{"rendered":"http:\/\/hammacher-beratung.de\/?page_id=36"},"modified":"2015-01-28T18:41:50","modified_gmt":"2015-01-28T18:41:50","slug":"impressum","status":"publish","type":"page","link":"http:\/\/hammacher-beratung.de\/?page_id=36","title":{"rendered":"Impressum"},"content":{"rendered":"<p>Das folgende <strong>Impressum<\/strong> gilt f\u00fcr<\/p>\n<p>www.hammacher-beratung.de<\/p>\n<p><strong>Verantwortlich<\/strong> f\u00fcr die Inhalte dieser Seite ist<\/p>\n<p>Mark Hammacher<br \/>\nGotenstra\u00dfe 10,\u00a071336 Bittenfeld<\/p>\n<p>E-Mail:mark (Punkt) hammacher (at) web (Punkt) de<br \/>\nTelefon: +49 173 28 68 335<\/p>\n<p><strong>Dem deutschen Recht entsprechend beachten Sie bitte folgende Hinweise:<\/strong><\/p>\n<h3>Nicht-formelle Form:<\/h3>\n<p>Liebe Anw\u00e4lte und Rechte-Inhaber, wenn Sie auf meiner Homepage oder in einem meiner Beitr\u00e4ge Formulierungen finden die Sie beleidigen oder sonst wie angreifen, bitte ich Sie mich per E-Mail oder in den Kommentaren zu kontaktieren. Das Gleiche gilt nat\u00fcrlich wenn ich durch die Verwendung von Material Ihre oder die Rechte Dritter verletze. Auf E-Mails reagiere ich sehr zeitnah und freundlich, auf Abmahnung sehr allergisch.<\/p>\n<p>Und klar ist auch: Jeder Link gibt nur die Meinung der verlinkten Seite wieder, auch wenn ich mich bem\u00fche alle Links zu pr\u00fcfen bin ich nicht f\u00fcr den Inhalt anderer Seiten oder die Gedanken und Aussagen deren Verfasser verantwortlich. Wer es formell und sauber formuliert noch mal lesen m\u00f6chte liest bitte unten weiter.<\/p>\n<h3>Copyrights und Datenschutz<\/h3>\n<p><strong>Urheberrechte.\u00a0<\/strong>Falls nichts anderes vermerkt ist, liegen die Urheberrechte der unter den oben genannten URLs publizierten Texte und Bilder bei Mark Hammacher. Es wird jedem Leser erlaubt sich f\u00fcr <strong>private<\/strong> Zwecke eine Kopie der Texte anzufertigen. Allerdings d\u00fcrfen diese Materialien anschlie\u00dfend weder ver\u00e4ndert noch vervielf\u00e4ltigt, noch selbst (oder gar f\u00fcr kommerzielle Zwecke) ver\u00f6ffentlicht werden \u2013 es sei denn der Urheber stimmt dem vorher ausdr\u00fccklich zu, fragen Sie dazu bitte per E-Mail unter der oben angegebenen E-Mail-Adresse nach. Auszugsweise Zitate \u2013 online oder offline \u2013 sind gestattet, sofern sie die \u00fcblichen Zitatl\u00e4ngen nicht \u00fcberschreiten, den Autor namentlich erw\u00e4hnen und einen Link, bzw. eine Nennung der Webseiten-URL enthalten. Jede dieser Bedingungen kann nach schriftlicher Einwilligung des Rechtsinhabers aufgehoben werden. Die gesetzlichen Schranken des Urheberrechts bleiben hiervon unber\u00fchrt.<\/p>\n<p><strong>Datenmissbrauch.\u00a0<\/strong>Gem\u00e4\u00df \u00a7 28 Abs. 3 Bundesdatenschutzgesetz widerspreche ich hiermit jeder kommerziellen Nutzung oder \u00dcbermittlung und Weitergabe meiner Daten f\u00fcr Werbezwecke, Markt- oder Meinungsforschung. Ebenfalls nicht erlaubt ist die Einsendung von Kommentaren und\/oder Links, die eine werbliche Absicht verfolgen \u2013 dies gilt besonders dann, wenn diese als Werbung nicht kenntlich gemacht sind und in der Absicht erstellt wurden, den Seiteninhaber und seine Leser \u00fcber die wahre Absicht zu t\u00e4uschen. In beiden F\u00e4llen werden solche Kommentare und\/oder Links wie Werbung behandelt und kostenpflichtig in Rechnung gestellt. Pro Kommentar\/Link wird eine Pauschale von 1000 Euro (zzgl. MwSt., Anwaltkosten und Bearbeitungsgeb\u00fchr) erhoben.<\/p>\n<p><strong>Haftungsausschluss.<\/strong>\u00a0Die Inhalte dieser Webseite werden sorgf\u00e4ltig gepr\u00fcft und nach bestem Wissen erstellt. F\u00fcr die hier angebotenen Informationen wird dennoch kein Anspruch auf Vollst\u00e4ndigkeit, Aktualit\u00e4t, Qualit\u00e4t und Richtigkeit erhoben. Es kann daher keine Verantwortung f\u00fcr Sch\u00e4den \u00fcbernommen werden, die durch das Vertrauen auf die Inhalte dieser Website oder deren Gebrauch entstehen. Da diese Internetseite zudem h\u00e4ufig mit fremden, sich jederzeit wandeln k\u00f6nnenden Internetseiten verkn\u00fcpft ist, schlie\u00dfe ich den Verantwortungsbereich f\u00fcr diese fremden Seiten und deren Inhalte ebenfalls aus. Dass diese Links oder Kommentare weder gegen Sitten noch Gesetze versto\u00dfen, wird tempor\u00e4r gepr\u00fcft, bevor sie hier aufgenommen werden. Dann aber nicht mehr. \u00c4hnliches gilt f\u00fcr Kommentare. Ein Recht auf dauerhafte Ver\u00f6ffentlichung wird nicht einger\u00e4umt. Sollte mir ein Kommentar oder Link nachtr\u00e4glich missfallen, wird er von mir kommentarlos gel\u00f6scht.<\/p>\n<p><strong>Schutzrechtsverletzung.\u00a0<\/strong>Falls Sie vermuten, dass von dieser Website eines Ihrer Schutzrechte verletzt wird, teilen Sie mir das bitte umgehend per E-Mail mit, damit ich das z\u00fcgig beheben kann. Oft ist der direkte Weg erheblich schneller, nerven- und geldschonender. Ich bevorzuge in jedem Fall den direkten Kontakt statt den Umweg \u00fcber einen Anwalt.<\/p>\n<p><strong>Werbung.<\/strong>\u00a0E-Mails mit Anfragen zum Linktausch oder nach bezahlten Beitr\u00e4gen (Sponsored-Posts) werden von mir grunds\u00e4tzlich ohne jede Antwort gel\u00f6scht. Sozial-pr-net wird sich an solchen Praktiken nicht beteiligen.<\/p>\n<h4>Datenschutz<\/h4>\n<p>Auf \u00a0www.hammacher-beratung.de sind Social PlugIns von Facebook integriert. Bitte lesen Sie sich die besonderen Hinweise zum Datenschutz in Bezug auf Facebook Social PlugIns am Ende dieses Textes sorgf\u00e4ltig durch! Sie erfahren darin, wie Sie vermeiden k\u00f6nnen, ungewollt von diesen Tools erfasst zu werden.<\/p>\n<div class=\"twoclick_social_bookmarks_post_36 social_share_privacy clearfix 1.6.4 locale-de_DE sprite-de_DE\"><\/div><div class=\"twoclick-js\"><script type=\"text\/javascript\">\/* <![CDATA[ *\/\njQuery(document).ready(function($){if($('.twoclick_social_bookmarks_post_36')){$('.twoclick_social_bookmarks_post_36').socialSharePrivacy({\"services\":{\"facebook\":{\"status\":\"on\",\"txt_info\":\"2 Klicks f\\u00fcr mehr Datenschutz: Erst wenn Sie hier klicken, wird der Button aktiv und Sie k\\u00f6nnen Ihre Empfehlung an Facebook senden. Schon beim Aktivieren werden Daten an Dritte \\u00fcbertragen - siehe <em>i<\\\/em>.\",\"perma_option\":\"off\",\"action\":\"recommend\",\"language\":\"de_DE\"},\"twitter\":{\"reply_to\":\"\",\"tweet_text\":\"Impressum%20%C2%BB%20Hammacher%20Beratung\",\"status\":\"on\",\"txt_info\":\"2 Klicks f\\u00fcr mehr Datenschutz: Erst wenn Sie hier klicken, wird der Button aktiv und Sie k\\u00f6nnen Ihre Empfehlung an Twitter senden. Schon beim Aktivieren werden Daten an Dritte \\u00fcbertragen - siehe <em>i<\\\/em>.\",\"perma_option\":\"off\",\"language\":\"de\",\"referrer_track\":\"\"},\"gplus\":{\"status\":\"on\",\"txt_info\":\"2 Klicks f\\u00fcr mehr Datenschutz: Erst wenn Sie hier klicken, wird der Button aktiv und Sie k\\u00f6nnen Ihre Empfehlung an Google+ senden. Schon beim Aktivieren werden Daten an Dritte \\u00fcbertragen - siehe <em>i<\\\/em>.\",\"perma_option\":\"off\",\"referrer_track\":\"\"},\"xing\":{\"status\":\"on\",\"txt_info\":\"2 Klicks f\\u00fcr mehr Datenschutz: Erst wenn Sie hier klicken, wird der Button aktiv und Sie k\\u00f6nnen Ihre Empfehlung an Xing senden. Schon beim Aktivieren werden Daten an Dritte \\u00fcbertragen - siehe <em>i<\\\/em>.\",\"perma_option\":\"off\",\"language\":\"de\",\"referrer_track\":\"\"},\"linkedin\":{\"status\":\"on\",\"txt_info\":\"2 Klicks f\\u00fcr mehr Datenschutz: Erst wenn Sie hier klicken, wird der Button aktiv und Sie k\\u00f6nnen Ihre Empfehlung an LinkedIn senden. Schon beim Aktivieren werden Daten an Dritte \\u00fcbertragen - siehe <em>i<\\\/em>.\",\"perma_option\":\"off\"}},\"txt_help\":\"Wenn Sie diese Felder durch einen Klick aktivieren, werden Informationen an Facebook, Twitter, Flattr, Xing, t3n, LinkedIn, Pinterest oder Google eventuell ins Ausland \\u00fcbertragen und unter Umst\\u00e4nden auch dort gespeichert. N\\u00e4heres erfahren Sie durch einen Klick auf das <em>i<\\\/em>.\",\"settings_perma\":\"Dauerhaft aktivieren und Daten\\u00fcber-tragung zustimmen:\",\"info_link\":\"http:\\\/\\\/www.heise.de\\\/ct\\\/artikel\\\/2-Klicks-fuer-mehr-Datenschutz-1333879.html\",\"uri\":\"http:\\\/\\\/hammacher-beratung.de\\\/?page_id=36\",\"post_id\":36,\"post_title_referrer_track\":\"Impressum\",\"display_infobox\":\"on\"});}});\n\/* ]]> *\/<\/script><\/div>","protected":false},"excerpt":{"rendered":"<p>Das folgende Impressum gilt f\u00fcr www.hammacher-beratung.de Verantwortlich f\u00fcr die Inhalte dieser Seite ist Mark Hammacher Gotenstra\u00dfe 10,\u00a071336 Bittenfeld E-Mail:mark (Punkt) hammacher (at) web (Punkt) de Telefon: +49 173 28 68 335 Dem deutschen Recht entsprechend beachten Sie bitte folgende Hinweise: Nicht-formelle Form: Liebe Anw\u00e4lte und Rechte-Inhaber, wenn Sie auf meiner Homepage oder in einem meiner [&hellip;]<\/p>\n","protected":false},"author":1,"featured_media":0,"parent":0,"menu_order":0,"comment_status":"closed","ping_status":"open","template":"","meta":[],"_links":{"self":[{"href":"http:\/\/hammacher-beratung.de\/index.php?rest_route=\/wp\/v2\/pages\/36"}],"collection":[{"href":"http:\/\/hammacher-beratung.de\/index.php?rest_route=\/wp\/v2\/pages"}],"about":[{"href":"http:\/\/hammacher-beratung.de\/index.php?rest_route=\/wp\/v2\/types\/page"}],"author":[{"embeddable":true,"href":"http:\/\/hammacher-beratung.de\/index.php?rest_route=\/wp\/v2\/users\/1"}],"replies":[{"embeddable":true,"href":"http:\/\/hammacher-beratung.de\/index.php?rest_route=%2Fwp%2Fv2%2Fcomments&post=36"}],"version-history":[{"count":3,"href":"http:\/\/hammacher-beratung.de\/index.php?rest_route=\/wp\/v2\/pages\/36\/revisions"}],"predecessor-version":[{"id":46,"href":"http:\/\/hammacher-beratung.de\/index.php?rest_route=\/wp\/v2\/pages\/36\/revisions\/46"}],"wp:attachment":[{"href":"http:\/\/hammacher-beratung.de\/index.php?rest_route=%2Fwp%2Fv2%2Fmedia&parent=36"}],"curies":[{"name":"wp","href":"https:\/\/api.w.org\/{rel}","templated":true}]}}