{"id":33,"date":"2015-01-27T08:26:48","date_gmt":"2015-01-27T08:26:48","guid":{"rendered":"http:\/\/hammacher-beratung.de\/?page_id=33"},"modified":"2015-03-02T13:52:25","modified_gmt":"2015-03-02T13:52:25","slug":"werdegang","status":"publish","type":"page","link":"http:\/\/hammacher-beratung.de\/?page_id=33","title":{"rendered":"Werdegang"},"content":{"rendered":"<p>Nach meiner Neuorientierung &#8211; Details dazu finden Sie im <a href=\"http:\/\/hammacher-beratung.de\/?page_id=31\" target=\"_blank\">\u00dcber mich Bereich<\/a> &#8211; waren sowohl meine Ausbildung in humanistischer Psychologie als auch meine Arbeit in verschiedenen ehrenamtlichen Funktionen wichtig, um mir die f\u00fcr die psychologische Beratung n\u00f6tige Basis aufzubauen.<\/p>\n<p>Im Folgenden finden Sie eine Auswahl der wichtigsten Belege und Bescheinigungen, die meine Ausbildung und meine ehrenamtliche Arbeit belegen.<\/p>\n<p>Oben links\u00a0Nachweis\u00a0\u00fcber meine Ausbildung in Humanistischer Psychologie. Oben rechts den Nachweis meiner Ausbildung zum Suchthelfer. Unten links Nachweis meiner ehrenamtlichen T\u00e4tigkeit f\u00fcr den Defibrillator (ICD) Deutschland e.V. Unten rechts\u00a0Nachweis meiner Ausbildung im Bereich der Gespr\u00e4chstherapie.<\/p>\n<p><center><a href=\"http:\/\/hammacher-beratung.de\/wp-content\/uploads\/2015\/01\/NAchweise-Hammacher-1.jpg\"><img decoding=\"async\" loading=\"lazy\" class=\"alignnone size-large wp-image-84\" src=\"http:\/\/hammacher-beratung.de\/wp-content\/uploads\/2015\/01\/NAchweise-Hammacher-1-1024x560.jpg\" alt=\"Qualifikationen und Nachweise\" width=\"665\" height=\"364\" srcset=\"http:\/\/hammacher-beratung.de\/wp-content\/uploads\/2015\/01\/NAchweise-Hammacher-1-1024x560.jpg 1024w, http:\/\/hammacher-beratung.de\/wp-content\/uploads\/2015\/01\/NAchweise-Hammacher-1-300x164.jpg 300w, http:\/\/hammacher-beratung.de\/wp-content\/uploads\/2015\/01\/NAchweise-Hammacher-1-402x220.jpg 402w\" sizes=\"(max-width: 665px) 100vw, 665px\" \/><\/a><\/center>Dar\u00fcber hinaus bin ich als ehrenamtlicher Trauerbegleiter f\u00fcr die Hospizstiftung Rems-Murr und ehrenamtlich als Suchtkrankenhelfer in der Neuapostolischen Kirche t\u00e4tig.<\/p>\n<div class=\"twoclick_social_bookmarks_post_33 social_share_privacy clearfix 1.6.4 locale-de_DE sprite-de_DE\"><\/div><div class=\"twoclick-js\"><script type=\"text\/javascript\">\/* <![CDATA[ *\/\njQuery(document).ready(function($){if($('.twoclick_social_bookmarks_post_33')){$('.twoclick_social_bookmarks_post_33').socialSharePrivacy({\"services\":{\"facebook\":{\"status\":\"on\",\"txt_info\":\"2 Klicks f\\u00fcr mehr Datenschutz: Erst wenn Sie hier klicken, wird der Button aktiv und Sie k\\u00f6nnen Ihre Empfehlung an Facebook senden. Schon beim Aktivieren werden Daten an Dritte \\u00fcbertragen - siehe <em>i<\\\/em>.\",\"perma_option\":\"off\",\"action\":\"recommend\",\"language\":\"de_DE\"},\"twitter\":{\"reply_to\":\"\",\"tweet_text\":\"Werdegang%20%C2%BB%20Hammacher%20Beratung\",\"status\":\"on\",\"txt_info\":\"2 Klicks f\\u00fcr mehr Datenschutz: Erst wenn Sie hier klicken, wird der Button aktiv und Sie k\\u00f6nnen Ihre Empfehlung an Twitter senden. Schon beim Aktivieren werden Daten an Dritte \\u00fcbertragen - siehe <em>i<\\\/em>.\",\"perma_option\":\"off\",\"language\":\"de\",\"referrer_track\":\"\"},\"gplus\":{\"status\":\"on\",\"txt_info\":\"2 Klicks f\\u00fcr mehr Datenschutz: Erst wenn Sie hier klicken, wird der Button aktiv und Sie k\\u00f6nnen Ihre Empfehlung an Google+ senden. Schon beim Aktivieren werden Daten an Dritte \\u00fcbertragen - siehe <em>i<\\\/em>.\",\"perma_option\":\"off\",\"referrer_track\":\"\"},\"xing\":{\"status\":\"on\",\"txt_info\":\"2 Klicks f\\u00fcr mehr Datenschutz: Erst wenn Sie hier klicken, wird der Button aktiv und Sie k\\u00f6nnen Ihre Empfehlung an Xing senden. Schon beim Aktivieren werden Daten an Dritte \\u00fcbertragen - siehe <em>i<\\\/em>.\",\"perma_option\":\"off\",\"language\":\"de\",\"referrer_track\":\"\"},\"pinterest\":{\"status\":\"on\",\"the_excerpt\":\"Werdegang\",\"txt_info\":\"2 Klicks f\\u00fcr mehr Datenschutz: Erst wenn Sie hier klicken, wird der Button aktiv und Sie k\\u00f6nnen Ihre Empfehlung an Pinterest senden. Schon beim Aktivieren werden Daten an Dritte \\u00fcbertragen - siehe <em>i<\\\/em>.\",\"perma_option\":\"off\",\"media\":\"http:\\\/\\\/hammacher-beratung.de\\\/wp-content\\\/uploads\\\/2015\\\/01\\\/NAchweise-Hammacher-1.jpg\"},\"linkedin\":{\"status\":\"on\",\"txt_info\":\"2 Klicks f\\u00fcr mehr Datenschutz: Erst wenn Sie hier klicken, wird der Button aktiv und Sie k\\u00f6nnen Ihre Empfehlung an LinkedIn senden. Schon beim Aktivieren werden Daten an Dritte \\u00fcbertragen - siehe <em>i<\\\/em>.\",\"perma_option\":\"off\"}},\"txt_help\":\"Wenn Sie diese Felder durch einen Klick aktivieren, werden Informationen an Facebook, Twitter, Flattr, Xing, t3n, LinkedIn, Pinterest oder Google eventuell ins Ausland \\u00fcbertragen und unter Umst\\u00e4nden auch dort gespeichert. N\\u00e4heres erfahren Sie durch einen Klick auf das <em>i<\\\/em>.\",\"settings_perma\":\"Dauerhaft aktivieren und Daten\\u00fcber-tragung zustimmen:\",\"info_link\":\"http:\\\/\\\/www.heise.de\\\/ct\\\/artikel\\\/2-Klicks-fuer-mehr-Datenschutz-1333879.html\",\"uri\":\"http:\\\/\\\/hammacher-beratung.de\\\/?page_id=33\",\"post_id\":33,\"post_title_referrer_track\":\"Werdegang\",\"display_infobox\":\"on\"});}});\n\/* ]]> *\/<\/script><\/div>","protected":false},"excerpt":{"rendered":"<p>Nach meiner Neuorientierung &#8211; Details dazu finden Sie im \u00dcber mich Bereich &#8211; waren sowohl meine Ausbildung in humanistischer Psychologie als auch meine Arbeit in verschiedenen ehrenamtlichen Funktionen wichtig, um mir die f\u00fcr die psychologische Beratung n\u00f6tige Basis aufzubauen. Im Folgenden finden Sie eine Auswahl der wichtigsten Belege und Bescheinigungen, die meine Ausbildung und meine [&hellip;]<\/p>\n","protected":false},"author":1,"featured_media":0,"parent":0,"menu_order":0,"comment_status":"closed","ping_status":"open","template":"page-templates\/full-width-page.php","meta":[],"_links":{"self":[{"href":"http:\/\/hammacher-beratung.de\/index.php?rest_route=\/wp\/v2\/pages\/33"}],"collection":[{"href":"http:\/\/hammacher-beratung.de\/index.php?rest_route=\/wp\/v2\/pages"}],"about":[{"href":"http:\/\/hammacher-beratung.de\/index.php?rest_route=\/wp\/v2\/types\/page"}],"author":[{"embeddable":true,"href":"http:\/\/hammacher-beratung.de\/index.php?rest_route=\/wp\/v2\/users\/1"}],"replies":[{"embeddable":true,"href":"http:\/\/hammacher-beratung.de\/index.php?rest_route=%2Fwp%2Fv2%2Fcomments&post=33"}],"version-history":[{"count":15,"href":"http:\/\/hammacher-beratung.de\/index.php?rest_route=\/wp\/v2\/pages\/33\/revisions"}],"predecessor-version":[{"id":96,"href":"http:\/\/hammacher-beratung.de\/index.php?rest_route=\/wp\/v2\/pages\/33\/revisions\/96"}],"wp:attachment":[{"href":"http:\/\/hammacher-beratung.de\/index.php?rest_route=%2Fwp%2Fv2%2Fmedia&parent=33"}],"curies":[{"name":"wp","href":"https:\/\/api.w.org\/{rel}","templated":true}]}}