{"id":2,"date":"2015-01-21T18:08:23","date_gmt":"2015-01-21T18:08:23","guid":{"rendered":"http:\/\/hammacher-beratung.de\/\/?page_id=2"},"modified":"2015-02-20T11:21:56","modified_gmt":"2015-02-20T11:21:56","slug":"beispiel-seite","status":"publish","type":"page","link":"http:\/\/hammacher-beratung.de\/?page_id=2","title":{"rendered":"Beratung"},"content":{"rendered":"<p>In jedem Leben kann der Punkt kommen, an dem Sorgen, Fragen und Zweifel zu einer scheinbar unertr\u00e4glichen Belastung werden. Sorgen t\u00fcrmen sich dann wie Gep\u00e4ckst\u00fccke, die auf der Reise zu tragen sind und das Gehen erschweren. Als psychologischer Berater besteht meine Aufgabe darin, Sie auf Ihrem Weg zu begleiten und Ihnen mit Ihrem gedanklichen Gep\u00e4ck zu helfen.<\/p>\n<p>Ich kann Ihnen die Sorgen nicht abnehmen, Ihnen aber dabei helfen, diese leichter zu tragen, die Ursachen zu erkennen und schlussendlich die Belastung hinter sich zu lassen. Im Rahmen der psychologischen Beratung kann ich Sie dabei unterst\u00fctzen&#8230;<\/p>\n<ul>\n<li>&#8230; Antworten auf lange unbeantwortete Fragen zu finden.<\/li>\n<li>&#8230; sich Selbstzweifeln zu stellen und diese zu meistern.<\/li>\n<li>&#8230; neue Orientierung und Ihren ganz pers\u00f6nlichen Weg zu finden.<\/li>\n<li>&#8230; neue Wege zu gehen und sich aus eingefahrenen Mustern zu l\u00f6sen.<\/li>\n<\/ul>\n<h2>Psychologische Beratung ist gemeinsame Arbeit<\/h2>\n<p>Mir ist jedoch wichtig, dass Sie vor der Beratung wissen: Es wird kein Spaziergang. Den Beratungsprozess k\u00f6nnen wir nur gemeinsam angehen und meistern. Ich stehe Ihnen mit Impulsen, Reflexion und neue Ideen zur Seite, treffe jedoch keine Entscheidungen f\u00fcr Sie.<\/p>\n<p>Ich habe ein offenes Ohr f\u00fcr Ihre Fragen, Anliegen und Sorgen, werde Ihnen jedoch nicht sagen, was Sie tun sollen. Ich helfe Ihnen dabei, Ihre eigenen Entscheidungen zu treffen und Ihren Weg zu gehen. Was dabei f\u00fcr Sie wichtig ist und welche Werte und Ziele f\u00fcr Sie eine Rolle spielen, k\u00f6nnen nur Sie selbst entscheiden.<\/p>\n<p>Ich kann Ihnen &#8211; bildhaft gesprochen &#8211; dabei helfen, die Wolken Ihrer Sorgen zu vertreiben. Ob Sie sich danach der Sonne zu- oder von ihr abwenden, liegt bei Ihnen.<\/p>\n<h2>Kosten und Voraussetzungen<\/h2>\n<p>Die Arbeit als psychologischer Berater ist f\u00fcr mich mehr als ein Beruf, es ist Berufung. Ich sehe meine Aufgabe als sozialen Beruf und m\u00f6chte Menschen helfen, die alleine nicht weiter kommen. Dennoch ist es auch mein Beruf, den ich nicht kostenlos aus\u00fcben kann und will.<\/p>\n<p>Das Erstgespr\u00e4ch kostet daher 70 Euro und dauert 60 Minuten. Die weiteren Kosten kl\u00e4ren wir individuell nach dem Erstgespr\u00e4ch &#8211; wenn wir zusammen arbeiten. Es ist jedoch durchaus m\u00f6glich, dass wir im Erstgespr\u00e4ch zum Ergebnis kommen, dass wir nicht zusammen arbeiten k\u00f6nnen oder wollen.<\/p>\n<p>Die Grundlage f\u00fcr eine erfolgreiche psychologische Beratung ist eine Vertrauensbasis und Ihre Bereitschaft, sich zu \u00f6ffnen und zu ver\u00e4ndern. Nur wenn diese Voraussetzung erf\u00fcllt ist, k\u00f6nnen wir sinnvoll zusammenarbeiten.<\/p>\n<p><em>P.S.: Die psychologische Beratung ersetzt <strong>keine Therapie!<\/strong> Bei psychischen Erkrankungen empfehle ich Ihnen gerne entsprechende Therapeuten.<\/em><\/p>\n<div class=\"twoclick_social_bookmarks_post_2 social_share_privacy clearfix 1.6.4 locale-de_DE sprite-de_DE\"><\/div><div class=\"twoclick-js\"><script type=\"text\/javascript\">\/* <![CDATA[ *\/\njQuery(document).ready(function($){if($('.twoclick_social_bookmarks_post_2')){$('.twoclick_social_bookmarks_post_2').socialSharePrivacy({\"services\":{\"facebook\":{\"status\":\"on\",\"txt_info\":\"2 Klicks f\\u00fcr mehr Datenschutz: Erst wenn Sie hier klicken, wird der Button aktiv und Sie k\\u00f6nnen Ihre Empfehlung an Facebook senden. Schon beim Aktivieren werden Daten an Dritte \\u00fcbertragen - siehe <em>i<\\\/em>.\",\"perma_option\":\"off\",\"action\":\"recommend\",\"language\":\"de_DE\"},\"twitter\":{\"reply_to\":\"\",\"tweet_text\":\"Beratung%20%C2%BB%20Hammacher%20Beratung\",\"status\":\"on\",\"txt_info\":\"2 Klicks f\\u00fcr mehr Datenschutz: Erst wenn Sie hier klicken, wird der Button aktiv und Sie k\\u00f6nnen Ihre Empfehlung an Twitter senden. Schon beim Aktivieren werden Daten an Dritte \\u00fcbertragen - siehe <em>i<\\\/em>.\",\"perma_option\":\"off\",\"language\":\"de\",\"referrer_track\":\"\"},\"gplus\":{\"status\":\"on\",\"txt_info\":\"2 Klicks f\\u00fcr mehr Datenschutz: Erst wenn Sie hier klicken, wird der Button aktiv und Sie k\\u00f6nnen Ihre Empfehlung an Google+ senden. Schon beim Aktivieren werden Daten an Dritte \\u00fcbertragen - siehe <em>i<\\\/em>.\",\"perma_option\":\"off\",\"referrer_track\":\"\"},\"xing\":{\"status\":\"on\",\"txt_info\":\"2 Klicks f\\u00fcr mehr Datenschutz: Erst wenn Sie hier klicken, wird der Button aktiv und Sie k\\u00f6nnen Ihre Empfehlung an Xing senden. Schon beim Aktivieren werden Daten an Dritte \\u00fcbertragen - siehe <em>i<\\\/em>.\",\"perma_option\":\"off\",\"language\":\"de\",\"referrer_track\":\"\"},\"linkedin\":{\"status\":\"on\",\"txt_info\":\"2 Klicks f\\u00fcr mehr Datenschutz: Erst wenn Sie hier klicken, wird der Button aktiv und Sie k\\u00f6nnen Ihre Empfehlung an LinkedIn senden. Schon beim Aktivieren werden Daten an Dritte \\u00fcbertragen - siehe <em>i<\\\/em>.\",\"perma_option\":\"off\"}},\"txt_help\":\"Wenn Sie diese Felder durch einen Klick aktivieren, werden Informationen an Facebook, Twitter, Flattr, Xing, t3n, LinkedIn, Pinterest oder Google eventuell ins Ausland \\u00fcbertragen und unter Umst\\u00e4nden auch dort gespeichert. N\\u00e4heres erfahren Sie durch einen Klick auf das <em>i<\\\/em>.\",\"settings_perma\":\"Dauerhaft aktivieren und Daten\\u00fcber-tragung zustimmen:\",\"info_link\":\"http:\\\/\\\/www.heise.de\\\/ct\\\/artikel\\\/2-Klicks-fuer-mehr-Datenschutz-1333879.html\",\"uri\":\"http:\\\/\\\/hammacher-beratung.de\\\/?page_id=2\",\"post_id\":2,\"post_title_referrer_track\":\"Beratung\",\"display_infobox\":\"on\"});}});\n\/* ]]> *\/<\/script><\/div>","protected":false},"excerpt":{"rendered":"<p>In jedem Leben kann der Punkt kommen, an dem Sorgen, Fragen und Zweifel zu einer scheinbar unertr\u00e4glichen Belastung werden. Sorgen t\u00fcrmen sich dann wie Gep\u00e4ckst\u00fccke, die auf der Reise zu tragen sind und das Gehen erschweren. Als psychologischer Berater besteht meine Aufgabe darin, Sie auf Ihrem Weg zu begleiten und Ihnen mit Ihrem gedanklichen Gep\u00e4ck [&hellip;]<\/p>\n","protected":false},"author":1,"featured_media":0,"parent":0,"menu_order":0,"comment_status":"closed","ping_status":"open","template":"page-templates\/full-width-page.php","meta":[],"_links":{"self":[{"href":"http:\/\/hammacher-beratung.de\/index.php?rest_route=\/wp\/v2\/pages\/2"}],"collection":[{"href":"http:\/\/hammacher-beratung.de\/index.php?rest_route=\/wp\/v2\/pages"}],"about":[{"href":"http:\/\/hammacher-beratung.de\/index.php?rest_route=\/wp\/v2\/types\/page"}],"author":[{"embeddable":true,"href":"http:\/\/hammacher-beratung.de\/index.php?rest_route=\/wp\/v2\/users\/1"}],"replies":[{"embeddable":true,"href":"http:\/\/hammacher-beratung.de\/index.php?rest_route=%2Fwp%2Fv2%2Fcomments&post=2"}],"version-history":[{"count":4,"href":"http:\/\/hammacher-beratung.de\/index.php?rest_route=\/wp\/v2\/pages\/2\/revisions"}],"predecessor-version":[{"id":89,"href":"http:\/\/hammacher-beratung.de\/index.php?rest_route=\/wp\/v2\/pages\/2\/revisions\/89"}],"wp:attachment":[{"href":"http:\/\/hammacher-beratung.de\/index.php?rest_route=%2Fwp%2Fv2%2Fmedia&parent=2"}],"curies":[{"name":"wp","href":"https:\/\/api.w.org\/{rel}","templated":true}]}}